- c + 1. Let m(g) be the third derivative of 7*g**5/60 + g**4/8 - g**3/3 + g**2. Let a(b) = 2*m(b) + 6*r(b). What is the units digit of a(-2)?
4
Let n(g) be the first derivative of g**3/3 + 3*g**2 + 3*g + 1. Let p = 337 - 343. What is the units digit of n(p)?
3
Suppose -u + 4 = 2*q - 2, 5*u + 4*q = 30. Suppose -8*x = -10*x + u. Suppose x*v + b = 19 + 14, 0 = 5*b. What is the units digit of v?
1
Let p(q) = -q**3 - 17*q**2 + 2*q - 33. What is the hundreds digit of p(-19)?
6
Let m(z) = -z**2 + 18*z. Let t be m(18). Suppose -2*d - 3*d = -h + 333, -5*h - 4*d + 1549 = t. What is the units digit of h?
3
Let t = -26 - -50. Suppose -5*x + 30 = 5*d, 4*d - 2*d - t = -5*x. Suppose -a - 5*k = 2*a - 129, x*k = 12. What is the tens digit of a?
3
Suppose -18 = -3*y - 0. Suppose 5*a - 6 - 24 = 0. What is the units digit of y/(-9) + 58/a?
9
Suppose -2205 = -34*g + 6295. What is the units digit of g?
0
Suppose -21*a + 23*a - 764 = -4*i, 5*i + 800 = 2*a. What is the tens digit of a?
9
Let g = 1689 + -507. What is the hundreds digit of g?
1
Suppose -14*z - 17*z + 11563 = 0. What is the hundreds digit of z?
3
Suppose -1 = l + 2*j - 2, j = -5*l - 31. Let o be (-15 - -1)*l/14. Suppose -o*b + 69 = -4*b. What is the tens digit of b?
2
Let n(r) = 667*r**2 + 49*r + 102. What is the units digit of n(-2)?
2
Let d = 642 + -559. What is the tens digit of d?
8
Let k = 30 - 18. Suppose 2*n + 2*n = k. Suppose i - n*q = -i + 39, 68 = 4*i + 4*q. What is the tens digit of i?
1
Let q = -55 - -57. What is the tens digit of q/4 + (-226)/(-4)?
5
What is the tens digit of -4*71*(39/6)/(-13)?
4
Suppose v + 10 = 91. Let w = v - -178. What is the tens digit of w?
5
Let o = -28 + 30. Suppose o*j = 3*b - 125, 4*b + 272 = -5*j - 75. Let g = j - -108. What is the units digit of g?
1
Let h(y) = 29*y**2 - 6*y - 6. Let n be h(4). Suppose 4*j - 553 = -3*k, 3*k - 3*j - n = 91. What is the tens digit of k?
7
Suppose -4*z = 7*h - 6*h + 257, -2*z = -h - 257. Let i = 429 + h. What is the hundreds digit of i?
1
Let j = -12 + 14. Suppose j*a + 0*a + 5880 = 0. What is the units digit of a/(-63) + (-2)/3?
6
Let p(f) = 7*f**2 + 3 + 3 - 8*f + f**3 - 3. Suppose 2*d + 8 = -8. What is the units digit of p(d)?
3
Let y(p) = 12*p**3 + p**2 + p - 1. Suppose 0 = 2*w - 1 - 1. Let n = w - 0. What is the tens digit of y(n)?
1
Suppose 0 = -5*d + 4*f - 29, 57 = -5*d + 3*f - 6*f. Let t be 3*(0 + (-15)/d). Suppose 5*r - 138 = -3*z - 0*z, -z + 46 = t*r. What is the units digit of z?
6
Suppose 2*i + 4*j = -0*i + 14, 10 = 2*i + 2*j. Suppose -5*n = -f - 534, i*n - 3*f = -f + 326. What is the units digit of n?
6
Suppose 2*x + 1 = y, -2*y + 5*x = -5*y + 3. Let p(k) be the third derivative of k**4 - 3*k**2. What is the tens digit of p(y)?
2
Suppose 0 = k + 4*k - 20. Let f(r) = -2*r + k + 0*r + r + 0*r. What is the units digit of f(-4)?
8
What is the tens digit of ((-96)/(-8) - 4183)*(-1 + 0)?
7
Let q = 514 + -251. Let a = q - 142. What is the tens digit of a?
2
What is the units digit of 49/21 - 2 - (-6358)/6?
0
Suppose -910 = -7*l - 161. Let f = l + -76. What is the units digit of f?
1
Let l(k) = -2*k**3 + 68*k**2 + 3*k - 47. What is the tens digit of l(34)?
5
Suppose 3*p - 40 = 107. Suppose -4*r + 52 = -2*h, -3*r + 2*h = 12 - p. What is the units digit of r?
5
Let k be (2/5)/((-2)/(-10)). Suppose 2*t + 3*y = 19 - 2, 4*y - 4 = k*t. Suppose 32 = f + 5*j + 6, 0 = -5*f + t*j + 188. What is the units digit of f?
6
Suppose 28*w - 1889 + 489 = 0. Let c be ((-8)/(-10))/(6/15). Suppose 3*z + c*z = w. What is the tens digit of z?
1
Let m(f) = -28*f**2 - 6*f + 4. Let z be m(3). Let j = 392 + z. What is the units digit of j?
6
Suppose 17*m = 15*m + 3662. What is the units digit of m?
1
Suppose -2*y + 676 = -3*d, 4*y - 11*d + 12*d - 1380 = 0. What is the units digit of y?
4
Suppose 5*t - 20 = t. Suppose -4*n + 373 = -5*v, -v - 229 = -t*n + 232. What is the units digit of n?
2
Let p = -15 - -304. What is the units digit of p?
9
Let k(z) = 8*z**2 + 5*z + 7. What is the hundreds digit of k(-5)?
1
Let r be 24/15*(-20)/(-8). Suppose -r*y = -3*w - 5, -2*y = -0*w - w - 3. Suppose -y*k + 8 = -24. What is the tens digit of k?
1
Let c = 497 + -217. Let d = c - 199. What is the units digit of d?
1
Let g(c) = c**2 + c - 8. Let t be g(-7). Suppose -v + 2*s = -t, v - 16 - 16 = 4*s. What is the tens digit of v?
3
Suppose 6*l + 12 = 3*l, f + 3*l = -8. Suppose f*x + 5*r = 259 + 79, -2*x = 4*r - 166. What is the units digit of x?
7
Let a be 6/(-8) - 62*(-7)/56. Suppose a*o = 135 + 103. What is the units digit of o?
4
Let x = 55 - 57. What is the units digit of 203 + x - (-1 - (-8)/(-4))?
4
Suppose 3*h + 8 - 25 = 2*y, 2*h - 15 = 5*y. Let t(k) = -k**3 + 2*k - 2. Let i be t(2). What is the units digit of i + 4 - (y + -10)?
9
Let z = 2995 + -2075. What is the units digit of z?
0
Let d = 433 + -172. What is the tens digit of d?
6
Let t = 2308 - 1057. What is the hundreds digit of t?
2
Suppose 5*q - 14 = -c, -2*q + 0*c + 16 = 3*c. Suppose 5*z - 3*f = 25, -q*z + 3*f + 3 - 2 = 0. Suppose 4*n + 76 = z*n. What is the tens digit of n?
1
Let l(b) = -210*b**3 + 2*b**2 - 2. What is the hundreds digit of l(-1)?
2
Suppose -3*v + 1572 = 5*h, 2*h + v = 4*v + 633. What is the units digit of h?
5
Suppose 3*r - 3 = -3*n, 2*n - 5*r - 12 - 18 = 0. Suppose -j + 12 = -n*j. Let a(c) = c**3 + 5*c**2 + 5*c + 2. What is the units digit of a(j)?
5
Suppose -15*q + 10*q = 5*d - 550, -2*d + 224 = 3*q. What is the tens digit of d?
0
Let c(t) = 2*t**2 - 9*t - 8. Let d(f) = -23*f + 15*f + 10*f + 8. Let j be d(0). What is the units digit of c(j)?
8
Suppose -v - 3*y = -656, 45*y = 5*v + 49*y - 3225. What is the units digit of v?
1
Let c be 0/(-4) - 1*8. Let q(a) = a**2 + 8*a + 6. Let r be q(c). Suppose 0 = 2*b - 2 + r, 0 = -2*x - 4*b + 40. What is the tens digit of x?
2
Let q = -90 - -195. Let h = 243 - q. What is the tens digit of h?
3
Let j(l) = 3*l**2 - 7*l - 10. Let q be j(6). What is the tens digit of (-1)/((-7)/(-2)) + 8472/q?
5
Let c(z) = -2*z**2 - 2*z + z**2 - 3*z**2 + z**3 - 2. Let t be c(4). Let f = t - -28. What is the tens digit of f?
1
Suppose -5*y - 4314 - 4028 = -4*w, w = 4*y + 2091. What is the tens digit of w?
8
What is the hundreds digit of 625 - ((-18)/(-3) + -10)?
6
Suppose -2 = -2*v + 2. Let u(f) = 5 + f**2 + 3 - v - 5*f**3 + 2*f - 7. What is the tens digit of u(-2)?
3
Let a = -2516 - -2611. Suppose 4 + 2 = 3*q. Suppose 10 = c - q*n, 2*c - 5*n + a = 7*c. What is the tens digit of c?
1
Suppose -181 = 7*v - 69. Let o = v + 19. What is the tens digit of o + 21*(2 - 1)?
2
Let o = 19 + -20. What is the units digit of (-1)/o - (-8 - -5)?
4
Suppose 3*d - 10*k + 7*k = 2805, 2*d + 3*k = 1860. What is the units digit of d?
3
What is the tens digit of (-3*2)/(70/(-37765))?
3
Suppose 2314 + 7102 = 4*w - 2*b, 3*w - 7051 = -4*b. What is the hundreds digit of w?
3
Suppose 16 + 39 = 5*l. Let w(a) = a - 6. Let o be w(l). Suppose v + 171 = 5*m, 2*v + 3*v = o*m - 175. What is the tens digit of m?
3
Let f be (-2)/(-10) - (-2)/(-10). Suppose h - 4 = -0*h. Suppose 204 = h*b - f*b. What is the units digit of b?
1
Suppose 3911 = 3*r - 2*m, -r - m + 586 + 726 = 0. What is the tens digit of r?
0
Let z(a) = -a**3 - a**2 - a + 3. Let b be z(0). Suppose -b*d - 4 - 2 = 0. What is the units digit of 3/(0 - -1) - d?
5
Suppose 0 = -4*j - i + 72, -j - 2*i - 1 = -12. Let l = -76 + 193. Suppose -4*n + l = -j. What is the tens digit of n?
3
Suppose -5*a - 32 = -2*v + 3*v, -a = -3*v - 64. Let g = -11 - v. What is the tens digit of g - 2*3/(-2)?
1
Let g(o) = o + 1. Let f be g(1). Let a be -50*(5/f + -3). Suppose -50 = -5*i + a. What is the units digit of i?
5
Suppose -2*z - s - 5 = -4, -3*z - 21 = -5*s. What is the tens digit of 111 + 2/(z/(-1)) + -4?
0
Suppose -95 = -4*c - c. Let i = c - 13. Suppose 0 = -j + 6 + i. What is the units digit of j?
2
Suppose -5*g + k + 7635 = 0, -239*g + 3037 = -237*g + 3*k. What is the hundreds digit of g?
5
Let x be -2*1/2*(-360)/(-6). Let v = 14 - x. What is the tens digit of v?
7
Suppose 0 = -23*t + 26*t + 321. Let k = -69 - t. What is the units digit of k?
8
Suppose -4*t - 52 = -4*y, 0*t + 5*t = -4*y + 25. Let l = 6 - y. What is the tens digit of (-2 - l)/((-1)/(-7))?
1
Suppose 0*i - 93 = 3*i. Let g = i + 73. What is the units digit of g?
2
Let c(o) = -15*o + 17. What is 